of h(y)?
2
Let j(c) = -c**2 + 6*c - 5. Let q be j(4). Let i be q/((6/2)/3). Suppose i*f - 26 = -x, 0*f = -5*f + 4*x + 66. What are the prime factors of f?
2, 5
Let k = 252 - 168. List the prime factors of k.
2, 3, 7
Let o(w) = 2*w + 3 - 1 + 2. Let s be o(-5). List the prime factors of (-1)/(-2) + (-9)/s.
2
Suppose -191 = -5*c - 2*u - 7, 3*u = 4*c - 161. List the prime factors of c.
2, 19
Let w(a) = 5*a**2 + 10. List the prime factors of w(-6).
2, 5, 19
Suppose 4*r - 34 - 14 = 0. Suppose -2*u + 14 + r = 0. List the prime factors of u.
13
Suppose 2*v - 2*x - 89 = -5*x, 0 = -x - 1. List the prime factors of v.
2, 23
Let j = -3 - -14. Let f = j + -8. Suppose f*u = -u + 16. What are the prime factors of u?
2
Let p(c) = -17*c - 8. Let b(o) = -26*o - 12. Let v(j) = -5*b(j) + 7*p(j). List the prime factors of v(3).
37
Suppose 5*i - 9*i = -2*d - 776, 5*i - 5*d = 960. List the prime factors of i.
2, 7
Let y = 24 - 13. Let u(x) = x**2 - x - 9. Let l be u(0). Let r = l + y. What are the prime factors of r?
2
Let o(p) = -8 - 3*p**2 + p**3 + 13*p**2 + 4*p + 6*p - 3*p. What are the prime factors of o(-9)?
2, 5
Let n be ((-2)/(-1) - -6) + -1. Suppose o + 3 = n. List the prime factors of o.
2
Let f(a) = a + 1. Suppose 0*y + 15 = -3*y. Let r be f(y). List the prime factors of 41/4 - (-1)/r.
2, 5
Let g(k) = k**3 - k**2 - k + 130. Let j be g(0). Suppose -2*q + 7*q - j = 0. Suppose 10 = 3*z - q. What are the prime factors of z?
2, 3
Let r = 13 + -19. List the prime factors of (-53)/(-5) - r/(-10).
2, 5
Suppose 5*r - 5*c - 200 = 0, c + 2*c = -4*r + 139. List the prime factors of r.
37
Let u = -127 + 257. What are the prime factors of u?
2, 5, 13
Let q(j) = -14*j + 37. List the prime factors of q(-8).
149
Suppose -6*h + h = 165. Let n = -14 - h. What are the prime factors of n?
19
Let u be (0 + -2)*(-2)/4. Let w(f) = -6*f + 2. Let p(n) = -19*n + 5. Let x(o) = -3*p(o) + 8*w(o). List the prime factors of x(u).
2, 5
Let s(k) be the first derivative of -13*k**4/2 - k**2/2 - 1. Let o be s(1). Let i = o + 46. List the prime factors of i.
19
Suppose 5*a - 396 - 489 = 0. Suppose 4*r + 37 = a. What are the prime factors of r?
5, 7
Suppose -2*c - 5*t + 77 = 0, 3*c - c + t = 57. List the prime factors of c.
2, 13
Let v(a) = -3*a**3 - a**2 + 10*a + 3. List the prime factors of v(-4).
139
Suppose 0 = -5*m + 8 + 2. Suppose -4*t + 10 + m = 0. List the prime factors of t.
3
Suppose -2*y - j = -6*j - 55, j = -1. List the prime factors of y.
5
Let t(o) = o**2 - 7*o - 6. Suppose 5*s - 3*z - 7 = 0, -3 = -3*s + 4*z - 1. Suppose -8 = -s*c + c. What are the prime factors of t(c)?
2
Suppose 48 = 2*t - 4*v, -5*v = t - 13 - 11. Suppose -5*k - t = 4*i - 92, -56 = -4*i - 2*k. List the prime factors of i.
2, 3
Let h = 8 + -2. Let u be h/(-5)*(-250)/3. Suppose u = 4*o + o. What are the prime factors of o?
2, 5
Suppose w - 190 = -5*t, -t - 2*w - 175 = -6*t. List the prime factors of t.
37
Suppose 0 = -2*x - 8, 0 = 3*r - 3*x - 11 - 7. Suppose 0 = -r*u + 10 + 2. What are the prime factors of u?
2, 3
Suppose 2*g = -2*c + 84, g + 5*c - 58 = -0*g. What are the prime factors of g?
2, 19
Let h be 6/(-39) - (-56)/26. Suppose -n = -h*n + 27. List the prime factors of n.
3
Let g(c) = c**2 - c. Suppose 4*k + f - 1 = 7, -2*f + 9 = k. Let p(u) = -4*u**2 + 11*u + 3. Let z(h) = k*p(h) + 3*g(h). List the prime factors of z(6).
3, 5
Suppose 4*a - 32 = 3*j, -4*a = -0*j + j - 48. Suppose -g - 50 = -3*p + 29, -4*p + 110 = g. Let k = p - a. What are the prime factors of k?
2
Let w(b) = -b**3 + 6*b**2 - b - 4. Let d be w(4). Suppose -15*j + 19*j - d = 0. What are the prime factors of j?
2, 3
Let x = 8 - 13. Let h(b) = -3*b**2 - 5*b - 1. Let g(s) = -4*s**2 - 4*s - 2. Let z(p) = -2*g(p) + 3*h(p). List the prime factors of z(x).
11
Suppose 3*q + 18 = 3*l, 0*q - q + 4 = l. Let d = l - -26. What are the prime factors of d?
31
Suppose -5*s = -85 + 30. Let q be (-2)/7 + (-74)/(-14). Let m = s - q. List the prime factors of m.
2, 3
Let o = -65 + 126. List the prime factors of o.
61
Let h = -10 - -19. Suppose 2*k = 3*k - h. Suppose 3*r - 15 = k. List the prime factors of r.
2
Let s(w) = w**2 + w + 8. Let h be s(0). Let b(t) = -t**2 + 8*t + 3. Let z be b(h). Suppose 24 = z*o + 6. List the prime factors of o.
2, 3
Let b = -16 - -27. Let x = b + -7. What are the prime factors of x?
2
Suppose -4*j + 85 + 51 = 0. List the prime factors of j.
2, 17
Let f be (-31)/6 + 1/6. Let q(o) = -3*o - 1. What are the prime factors of q(f)?
2, 7
Let d(g) = 7*g + 2. Let u = 7 - 5. List the prime factors of d(u).
2
Let n(v) = v**3 + 4*v**2 + 2*v + 4. Let g(q) = -q**2 - 2*q**2 + 2*q**2 + 3 + q. Let x be g(3). List the prime factors of n(x).
7
Let n be (1 - -1)/((-4)/(-6)). Let h = -4 + n. Let i = 7 + h. List the prime factors of i.
2, 3
Suppose n = 3*l + 176, 3*n - 2*l = 3*l + 516. What are the prime factors of n?
167
Suppose 17*a - 260 = 15*a. List the prime factors of a.
2, 5, 13
Suppose -4*o - 3*f - 1 = 3, -2*f + 4 = o. Suppose 5*s + 15 = -10. List the prime factors of (s/10)/(1/o).
2
Let y(b) = -b + 11. Let r be y(11). Suppose 4*v + 5*h + 12 - 109 = 0, 4*v + 4*h - 96 = r. List the prime factors of v.
23
Let q = 52 - 20. What are the prime factors of q?
2
Suppose -d = 6*y - 4*y - 18, d + 4*y - 12 = 0. What are the prime factors of d?
2, 3
Suppose 5*u + 11 = -3*j, 0 = -3*j - 4*u - 3 - 7. Let s = 2 - j. Let b = 18 - s. List the prime factors of b.
2, 7
Let l(t) = -t + 2. Let y be l(5). Let f = -3 - y. Suppose f + 3 = r. List the prime factors of r.
3
Let t(f) = -f**2 - 6*f - 4. Let z be t(-4). Let j(k) = 4 - 5*k - z - 1. List the prime factors of j(-2).
3
Let s = -10 - -34. List the prime factors of s.
2, 3
Suppose 0 = 3*x - 6, 2*x = 2*h - 0 - 132. What are the prime factors of h/6 - 2/6?
11
Suppose 0 = -5*j + 10, 0 = 4*f - 0*f - 3*j - 122. Suppose 4*x = 5*t - 118 - f, 0 = 3*x. List the prime factors of t.
2, 3, 5
Suppose -4*z = -4*o + z + 83, z = 1. List the prime factors of o.
2, 11
Let x(z) = 8*z**2 + 10*z - 12. What are the prime factors of x(-5)?
2, 3, 23
Suppose -4*u - 2*s + 1806 = 0, 0 = -u - 0*u - 5*s + 447. What are the prime factors of u?
2, 113
Suppose -4*h + 3*p = -472, 4*h - p = 360 + 120. List the prime factors of h.
11
Let d = 12 + 34. What are the prime factors of d?
2, 23
Suppose 0 = -6*v + 7*v - 31. List the prime factors of v.
31
Let w(u) = 17*u**2 + 11*u + 9. Let l(v) = -8*v**2 - 5*v - 4. Let a(d) = -7*l(d) - 3*w(d). What are the prime factors of a(-1)?
2
Suppose -57 + 24 = -3*i. Let t = 24 + i. What are the prime factors of t?
5, 7
Let g(y) = y**2 - 13*y - 34. List the prime factors of g(-10).
2, 7
Let g be 1/(-3) - (-7)/3. Suppose -c - 51 = g*c. Let z = 26 + c. List the prime factors of z.
3
List the prime factors of 1/2*(6 - 0).
3
Suppose 0 = 2*y + 3*s - 25, -2*y + 0*s = -2*s. Suppose y = g - 0. Suppose -24 - 6 = -g*i. What are the prime factors of i?
2, 3
Suppose -5*o - 17 = -a, -2 = 5*a + 5*o - o. Let y = a + -2. Suppose y = 5*t - 3*n - 38, 0 = -5*t + 4*n + 65 - 26. List the prime factors of t.
7
Let q be 15*(1 - 3/5). Let d(k) be the first derivative of k**4/4 - 5*k**3/3 - 2*k**2 - 8*k - 7. List the prime factors of d(q).
2
Suppose -3*t - 4 = 4*j, 3*t - 1 = j - 0. Let y(i) = -2*i**2 - 4*i + 12. Let a(o) = -o**2 - o + 1. Let k(p) = -3*a(p) + y(p). List the prime factors of k(t).
3
Suppose -t + 16 + 3 = 5*h, 5*h - 2*t - 22 = 0. Let m(b) = 2*b**2 - 2*b + 3. List the prime factors of m(h).
3
Let c = -3 - 0. Let u = c - -7. List the prime factors of u.
2
Suppose -7 = b + z + 2*z, -z + 1 = 2*b. Suppose f + 3 = 2*y, -b*y - 2*y - f = -21. List the prime factors of y.
2
Let p = 102 - 174. What are the prime factors of (2/(-4))/(2/p)?
2, 3
Suppose -2*u - 32 = -10. Let f = 24 + u. What are the prime factors of f?
13
Let f(j) = -j**3 + j**2 - j + 11. Suppose 2*o - 3*o = 0. What are the prime factors of f(o)?
11
Suppose 4*m = 4*p + 4, 5 = -2*p + 4*p + 5*m. Let h(o) = -o**2 - o + 7. List the prime factors of h(p).
7
Suppose -3*b - 5*f + 24 = 0, 0 = 5*b + 5*f - 3*f - 21. Suppose -o = b*o - 4. What are the prime factors of o*-12*36/(-27)?
2
Let g be 8/36 + (-106)/(-9). Suppose g + 8 = 5*c. List the prime factors of c.
2
Suppose -6*y + 22 + 8 = 0. List the prime factors of y.
5
What are the prime factors of (6/24 + 466/56)*7?
2, 3, 5